 -16*d**3 - 2*d**2 + 1. What is c(1)?
-17
Let g(t) = t**2 + t - 2. What is g(2)?
4
Let c(m) = -29*m - 326. What is c(-13)?
51
Let q(x) = 7*x + 303. Calculate q(-44).
-5
Let b(j) = -4*j**3 - 37*j**2 - 8*j + 12. Determine b(-9).
3
Let q(w) = 2*w - 31. Calculate q(14).
-3
Let o(y) = -y**2 + 8*y. Calculate o(8).
0
Let i(b) = -b**3 + 33*b**2 - 119*b + 9. Determine i(4).
-3
Let u(a) = -74*a + 142. Give u(2).
-6
Let g(m) = -53*m + 15. Calculate g(3).
-144
Let u(z) = -z**2 - 9*z - 6. Calculate u(-6).
12
Let c(h) = -h**2 + 20*h - 16. Determine c(19).
3
Let b(g) = -2*g**2 + 4. What is b(-7)?
-94
Let c(f) = f + 5. What is c(0)?
5
Let k(v) = v**3 - 6*v**2 - 25*v - 23. Determine k(9).
-5
Let p(i) = -i**3 + 11*i**2 - 9*i - 11. What is p(10)?
-1
Let q(h) = 6*h + 50. Give q(-10).
-10
Let y(s) = -s**2 + 72*s - 380. Determine y(6).
16
Let z(n) = n**3 - 7*n**2 - 7*n - 11. Give z(8).
-3
Let a(g) = -2*g**2 + 3. Give a(-2).
-5
Let f(w) = w**2 - 25*w - 156. Calculate f(-5).
-6
Let r(v) = -2*v + 17. Determine r(13).
-9
Let s(y) = -5*y + 45. What is s(9)?
0
Let k(i) = -i**3 - 2*i**2 + 4*i - 6. Calculate k(-4).
10
Let m(d) = d**3 + 6*d**2 - 2*d + 27. Give m(-7).
-8
Let p(h) = -h - 10. Calculate p(10).
-20
Let l(u) = u**2 + 12*u + 8. Determine l(-9).
-19
Let b(a) = 2*a**2 - 13*a + 7. What is b(6)?
1
Let l(v) = 2*v - 31. Calculate l(12).
-7
Let y(n) = n**2 - 9*n - 2. What is y(8)?
-10
Let p(u) = -u**2 - 14*u - 59. What is p(-8)?
-11
Let d(i) = -i**2 - 3*i + 2. What is d(6)?
-52
Let a(k) = -k**2 - 6*k - 11. Determine a(-5).
-6
Let k(d) = -16*d**3 + d**2 - 2*d + 2. Calculate k(1).
-15
Let q(j) = -j**2 + j - 6. What is q(5)?
-26
Let s(l) = -l**2 + 5*l - 7. Calculate s(4).
-3
Let b(u) = u**2 + 23*u + 75. Calculate b(-22).
53
Let q(r) = -r**3 + 14*r**2 + 2*r - 16. Determine q(14).
12
Let w(a) = -2*a + 10. Give w(8).
-6
Let z(v) = -v**3 - 96*v**2 + 104*v + 680. Determine z(-97).
1
Let c(n) = 12*n - 5. What is c(6)?
67
Let m(t) = 12*t - 184. Calculate m(16).
8
Let y(d) = 7*d - 21. What is y(-5)?
-56
Let b(a) = a**2 + 8*a - 76. Give b(6).
8
Let v(n) = n**2 + 5*n + 5. Give v(-6).
11
Let t(p) = -p**2 + 24*p - 124. Calculate t(17).
-5
Let n(a) = -11*a + 330. What is n(29)?
11
Let q(f) = -f**2 - 5*f. Calculate q(-6).
-6
Let z(g) = 31*g + 124. Calculate z(-3).
31
Let h(b) = -2*b - 100. Give h(-30).
-40
Let g(y) = -2*y**3 - y**2 + 7. What is g(3)?
-56
Let v(u) = u**2 - 4*u + 3. Determine v(3).
0
Let y(i) = i**3 - 4*i**2 + 2*i. Calculate y(4).
8
Let z(g) = g**3 + 7*g**2 - g - 2. Give z(-7).
5
Let q(d) = -9*d**3 - 3*d**2 + 1. Calculate q(-1).
7
Let p(t) = -2*t**3 - 15*t**2 + 6*t + 27. Give p(-8).
43
Let m(q) = -q**2 - 3*q + 61. Determine m(5).
21
Let q(z) = z**2 - 8*z + 5. Calculate q(7).
-2
Let w(h) = -h**3 + 52*h**2 + 5*h - 266. Determine w(52).
-6
Let x(y) = y + 1. Determine x(12).
13
Let b(i) = 52*i**3 - i**2. What is b(1)?
51
Let i(o) = -o**3 + 23*o**2 - 22*o - 7. Determine i(22).
-7
Let d(x) = -x**3 + x + 17. What is d(0)?
17
Let n(f) = f**3 - 15*f**2 + 11*f - 8. What is n(14)?
-50
Let b(z) = -z**3 - 2*z**2 + 5*z + 2. Give b(-4).
14
Let y(b) = b**2 + 34*b - 122. Determine y(-37).
-11
Let l(y) = y**2 - 8*y - 11. What is l(9)?
-2
Let d(x) = 19*x - 116. Calculate d(6).
-2
Let t(c) = -17*c**2 + 6*c - 10. What is t(2)?
-66
Let p(m) = 4*m + 113. Calculate p(-33).
-19
Let l(q) = -10*q**2 - 2*q - 1. Determine l(-2).
-37
Let i(p) = -4*p - 3. Calculate i(-2).
5
Let g(w) = w**2 + w - 17. Determine g(0).
-17
Let h(d) = -19*d - 25. Determine h(-2).
13
Let b(o) = -o + 16. What is b(14)?
2
Let g(o) = -o**3 + 8*o**2 + 30*o + 36. Determine g(11).
3
Let x(s) = -3*s + 38. Determine x(7).
17
Let a(p) = -2*p - 2. Calculate a(11).
-24
Let l(y) = -y**3 + 3*y**2 + 5*y - 9. Give l(4).
-5
Let m(z) = 10*z + 42. What is m(-5)?
-8
Let r(u) = -u**3 - 3*u**2 - 2*u - 1. What is r(-3)?
5
Let h(o) = -o**2 - 12*o + 25. Determine h(-14).
-3
Let n(z) = -2*z**3 - 47*z**2 + 23*z - 17. What is n(-24)?
7
Let j(d) = -d + 39. Give j(35).
4
Let p(k) = 2*k - 3. Give p(4).
5
Let m(o) = -15*o - 1. Determine m(1).
-16
Let m(z) = z**3 - 3*z**2 - z + 2. Determine m(2).
-4
Let m(w) = 2*w**3 + 20*w**2 - 80*w - 26. Give m(-13).
0
Let p(t) = t**3 - 18*t**2 + 15*t + 34. What is p(17)?
0
Let g(n) = 3*n + 20. Give g(-15).
-25
Let y(u) = u**3 + 2*u**2 + u - 1. Determine y(-4).
-37
Let u(o) = -o**2 - 22*o + 68. Give u(-25).
-7
Let w(s) = -9*s + 3. What is w(-3)?
30
Let z(l) = -20*l**3 + 3*l**2 - 4. Calculate z(2).
-152
Let x(f) = -3*f - 6. Give x(-4).
6
Let b(s) = -s**3 - 13*s**2 - 15*s - 22. Determine b(-12).
14
Let s(k) = -k**2 - 7*k + 13. Calculate s(-9).
-5
Let s(t) = t**2 - 6*t - 8. Give s(-4).
32
Let i(v) = 2*v + 1. What is i(-4)?
-7
Let f(w) = -w**2 + 4*w - 3. Calculate f(4).
-3
Let h(m) = -70*m - 286. Calculate h(-4).
-6
Let p(u) = -3*u**2 + 2*u - 4. Give p(2).
-12
Let n(m) = -13*m + 101. What is n(7)?
10
Let p(g) = g**3 + 3*g**2 + 14*g + 12. What is p(-5)?
-108
Let k(g) = -24*g - 54. Give k(-5).
66
Let j(s) = 3*s**3 + 4*s**2 + 3*s. Give j(-2).
-14
Let y(c) = -c**3 - 25*c**2 - c - 44. Calculate y(-25).
-19
Let u(s) = s**2 - 9*s + 7. Determine u(6).
-11
Let h(j) = 6*j - 2. Determine h(5).
28
Let h(k) = -k**3 - 3*k**2 - 3*k - 12. What is h(-4)?
16
Let f(a) = a**3 - a**2 + a + 4. Give f(3).
25
Let s(x) = -8*x - 67. Give s(-7).
-11
Let f(u) = -u**2 + 128*u + 667. Calculate f(-5).
2
Let f(k) = -3*k**2 - 5. Determine f(2).
-17
Let m(u) = -20*u**3 + u**2 + 4*u + 4. What is m(-1)?
21
Let k(q) = q**2 - 3*q - 12. Determine k(5).
-2
Let f(r) = -r**2 - 6. Give f(-5).
-31
Let a(q) = q**3 + 7*q**2 + 4*q - 16. Calculate a(-6).
-4
Let d(o) = -6*o**2 + 16*o + 9. Determine d(3).
3
Let a(z) = 2*z - 1. Calculate a(0).
-1
Let y(d) = d - 21. Calculate y(8).
-13
Let y(o) = 23*o**2 - 139*o + 7. Give y(6).
1
Let j(v) = 4*v**2 - 4*v - 17. What is j(6)?
103
Let a(n) = 15*n - 21. Calculate a(2).
9
Let t(u) = -u**3 - 13*u**2 - 10*u + 30. Give t(-12).
6
Let z(i) = -i**2 - 4*i + 2. Determine z(-8).
-30
Let l(c) = c + 89. Determine l(0).
89
Let w(q) = -2*q**3 - 10*q**2 + 8*q - 29. What is w(-6)?
-5
Let d(i) = -i**3 + 8*i**2 - 5*i + 3. What is d(4)?
47
Let q(s) = s**3 + 12*s**2 + 2*s + 17. Determine q(-12).
-7
Let n(u) = u + 9. Calculate n(-8).
1
Let u(t) = -t**3 - 6*t**2 - 3*t + 1. Determine u(-3).
-17
Let t(r) = -r**3 + 31*r**2 + 66*r + 4. What is t(33)?
4
Let c(q) = 2*q + 6. Determine c(6).
18
Let i(q) = 2*q**2 - 9*q - 2. Determine i(7).
33
Let x(b) = b**3 - 5*b**2 - 7*b - 8. Give x(6).
-14
Let o(l) = -10*l - 25. Give o(-4).
15
Let y(o) = -o**3 - 2*o**2 - 2. Give y(0).
-2
Let y(t) = 11*t + 84. Give y(-7).
7
Let h(w) = -5*w + 9. Determine h(3).
-6
Let d(u) = u**3 - 4*u**2 - 3*u + 2. Determine d(4).
-10
Let l(d) = 3*d**2 - 8*d + 2. Give l(5).
37
Let p(j) = -15*j + 1. What is p(-1)?
16
Let t(x) = -x**3 - 4*x**2 + 10*x - 29. Determine t(-6).
-17
Let b(c) = -c**3 + 3*c**2 + c - 3. Determine b(4).
-15
Let t(g) = 4*g**2 - 2*g - 4. What is t(3)?
26
Let a(u) = u**2 + u + 14. Calculate a(0).
14
Let m(u) = u**3 - 8*u**2 + 8*u + 3. Calculate m(6).
-21
Let w(i) = 2*i - 5. Determine w(1).
-3
Let j(v) = -10*v - 175. Give j(-17).
-5
Let o(k) = -8*k - 2. Determine o(1).
-10
Let z(k) = k**3 + 3*k**2 - 4. Calculate z(-3).
-4
Let d(x) = -2*x**2 - 17*x - 17. Determine d(-7).
4
Let q(g) = -3*g - 2. Give q(2).
-8
Let c(u) = -u**2 - 4*u + 1. What is c(-6)?
-11
Let v(x) = -x**3 - 3*x**2 + 8*x - 2. Determine v(-6).
58
Let o(t) = 2*t - 49. Give o(-9).
-67
Let v(n) = 5*n + 3. Determine v(-5).
-22
Let b(t) = 11*t**2 + 1. Give b(-1).
12
Let i(k) = -3*k - 1. What is i(-6)?
17
Let b(t) = -t**2 + 6*t + 18. Determine b(9).
-9
Let c(g) = g**2 + 8*g + 22. What is c(-3)?
7
Let z(m) = m**3 - 6*m**2 + 4*m + 6. Determine z(4).
-10
Let k(u) = -2*u**2 - 11*u - 35. Give k(-7).
-56
Let n(q) = -q**2 + 4*q - 9. Calculate n(6).
-21
Let a(q) = 3*q**3 + 8*q**2 - 3*q + 7. What is a(-4)?
-45
Let i(m) = -m**2 - 18*m + 15. Calculate i(-12).
87
Let u(s) = -s**2 - 33*s - 224. Determine u(-24).
-8
Let n(q) = 26*q - 74. Calculate n(3).
4
Let m(u) = -u**2 - 9*u + 852. Determine m(25).
2
Let x(o) = o**2 - 7*o + 3. Calculate x(8).
11
Let p(u) = 2*u**3 - 57*u**2 + 26*u + 52. Give p(28).
-4
Let b(s) = 7*s**2 + 29*s + 1. What is b(-4)?
-3
Let j(l) = -l**2 + 14. Calculate j(-3).
5
Let u(n) = -10*n - 156. What is u(-15